320 + w. List the prime factors of m.
2, 19
Suppose 31 = 9*j + 13. Let n be (-2 - 0)/(j/(-1627)). Suppose 8*g + 379 = n. List the prime factors of g.
2, 3, 13
Let c = -101 + 125. Let l(j) = 7*j - 64. What are the prime factors of l(c)?
2, 13
What are the prime factors of (5164 - (-110)/(-11))*(-22)/(-4)?
3, 11, 859
Let u = -15 + 17. Let v be (65 - 2) + u/(-1). Suppose 5*o + 3*q - 74 - 15 = 0, 4*o - v = q. List the prime factors of o.
2
Let o = 3003 + -455. List the prime factors of o.
2, 7, 13
Suppose -10855 = 5*y - 19013 - 67272. What are the prime factors of y?
2, 19, 397
List the prime factors of ((-2)/(-4))/(45/(-18) - (-33832)/13532).
17, 199
Let i(a) = a**3 - 13*a**2 + 26*a - 14. Let l = 31 + -31. Let b be (-34 - (l - 1))/((-36)/12). What are the prime factors of i(b)?
2, 3, 5
Let n(s) = 12698*s**2 - 14*s - 13. What are the prime factors of n(-1)?
3, 17, 83
Let v = 1150 + -97. What are the prime factors of v?
3, 13
Let r(a) = a**3 + 8*a + 3. Let h be r(-5). Let s = h + 277. Suppose -s = -5*n + 195. List the prime factors of n.
2, 31
Suppose -25*x = -287*x + 5988272. What are the prime factors of x?
2, 2857
Let r be (-3)/(-42) - 196230/84. Let u = -1479 - r. What are the prime factors of u?
857
Suppose -20 = 5*j, 8*w - 5*w - 43024 = 7*j. List the prime factors of w.
2, 3583
Let z = 9380 - 6392. What are the prime factors of z?
2, 3, 83
Suppose -459*v = -453*v - 18. Suppose 2*u - 1200 + 5050 = 4*f, v*f + 3*u = 2892. What are the prime factors of f?
3, 107
Let y = -29 + 31. Suppose -y*m = -5*o + 5, 4*m - 4 = 8*m - 4*o. Suppose 0 = 4*i, -2*i + m*i - 163 = -g. What are the prime factors of g?
163
Let d(l) = 4*l**2 + 30*l - 42. Let r = 544 + -533. What are the prime factors of d(r)?
2, 193
Let j(b) = 4*b + 19. Let g be j(-4). Suppose h - 3 = 0, g*h + 0*h = 3*y - 351. What are the prime factors of y?
2, 3, 5
Let s be 2/(-3)*1773/(-6). Suppose -s*c + 198*c = 641. List the prime factors of c.
641
List the prime factors of 40360*(2 - (-112)/(-70)).
2, 1009
Let v = -93 - -96. Suppose -v*i + 2*i = x - 2, 4*i + 20 = 0. What are the prime factors of ((-25)/(-6) - x/42) + 241?
5, 7
Suppose -258*a + 14403 = g - 256*a, a = -2*g + 28827. What are the prime factors of g?
13, 1109
Suppose 3*d - 9 = 6. Suppose 0 = -k + d*k - 16. Let g = k - -33. List the prime factors of g.
37
Suppose 28*i - 1343700 = 20*i - 28*i. What are the prime factors of i?
5, 1493
Suppose b = -3*r - 8 - 3, -8 = 4*r. Let x(f) = -13*f - 63. Let j be x(-6). Let q = j - b. What are the prime factors of q?
2, 5
Let x(s) = 5*s**2 + 106*s - 2969. What are the prime factors of x(-70)?
103, 137
Let b = -898 - -1911. List the prime factors of b.
1013
Let q = 26 - 6. Suppose -7*a + 12*a + q = 0. What are the prime factors of (7 + -2 + a)*37?
37
Suppose 31128 - 19386 = 233*x - 44644. List the prime factors of x.
2, 11
Let m = -939 + 953. List the prime factors of 1 - 10/m - (-340060)/686.
2, 31
Suppose 12*i + 84 = 24*i. Suppose -11*o = i*o - 6084. What are the prime factors of o?
2, 13
Let l(u) = 7*u + 3. Let y be l(0). Suppose y*p = -i - 17, 4*p - 1 + 5 = i. Let x = 60 + i. What are the prime factors of x?
2, 13
Suppose -4*u + 211272 = 5*i, -i + 2*u + 44258 = 2026. List the prime factors of i.
2, 5281
Let c(o) = 90*o**2 + 3*o + 53. What are the prime factors of c(11)?
2, 7
Let c(i) = -20*i**3 + i**2 + 2*i + 2. Let r be c(-1). Suppose r*p - 6744 = 13*p. What are the prime factors of p?
3, 281
Let h be ((-728)/(-28))/((-1)/(-2)). Let k = -51 + h. What are the prime factors of k + (-2)/1 + 228/3?
3, 5
Let r(k) = 2*k - 21. Let f be r(14). Suppose 5*v - 267 = 3*o, f = 3*o + 19. Suppose v - 151 = -g. List the prime factors of g.
2, 5
Suppose u = b + 2986, 4*u - 5189 = 3*b + 6752. Suppose 645 - u = -7*v. List the prime factors of v.
2, 167
Let a = 8058 + -3779. List the prime factors of a.
11, 389
Let u = -12 - -15. Suppose 0 = u*x + g - 15, -4*x = 4*g - 26 - 2. Suppose -4*f = -x*s + 3*s + 34, -5*s + 138 = -4*f. List the prime factors of s.
2, 13
Suppose 3*f - 24 = -x, -14 = -x - 0*f + 2*f. Suppose 5*i - 2*u - 2488 = 0, -5*i + 22*u + 2496 = x*u. What are the prime factors of i?
2, 31
Let j(g) = -38*g - 5. Let f be j(5). Let z = f - -324. List the prime factors of (z/9)/(3/18).
2, 43
Let b = 778 + -1269. Let c = b - -747. Suppose 2*o + 4*i = 5*o - 160, 0 = -5*o + 4*i + c. What are the prime factors of o?
2, 3
Let a(l) = -3*l + 8. Let t be 9/(-45) - (-1)/5. Suppose 30*c - 28*c + 6 = t. List the prime factors of a(c).
17
What are the prime factors of (1001/2)/(12 - 719/60)?
2, 3, 5, 7, 11, 13
Let y(b) = -b**2 + 5*b + 102. Let u be y(0). What are the prime factors of (u/85)/(9/1785)?
2, 7, 17
Let q be (-5 + 4)*6/9*-6. Suppose -2 - 1 = q*a + 3*t, 5*a = -3*t. Suppose -5*n = -3*g - 103, -2*g - a - 12 = -n. List the prime factors of n.
23
Let b(s) = 4*s**3 - 11*s**2 + 18*s - 20. Let f be b(8). Let r = f - 797. What are the prime factors of r?
11, 61
Let d = -1538 - -6513. List the prime factors of d.
5, 199
Suppose -w + 2983 = -2*f + 4*f, -11*f + 16359 = -4*w. What are the prime factors of f?
1489
Suppose 0*w - 3*w = -3*n + 111, -5*w - 5*n - 155 = 0. Let r = -31 - w. Suppose -72 = -5*q + f, -r*f - 71 = -5*q - 5. List the prime factors of q.
3, 5
Suppose 7*f - 23 - 5 = 0. Suppose -f*x - 3*r = -216, 82 = 5*x - 3*x - 5*r. Suppose -3*n + 9 = 0, 3*n = -0*j + j - x. What are the prime factors of j?
2, 3, 5
Let h(g) be the first derivative of g**2/2 + 20*g + 31. Let d be h(-16). Suppose d*f - l - 32 = 4, -f = 5*l - 30. List the prime factors of f.
2, 5
Let t(x) = 4*x**2 + 23*x + 22. Let g be t(-21). Suppose -5*o = 2*n - g, o + 2617 = -2*n + 6*n. What are the prime factors of n?
2, 3, 109
Suppose -4*i - 553 = -3*a, 0 = -i - 4*a + 1 - 144. Let t = i - -363. What are the prime factors of t?
2, 7
Suppose -4*q + 8 = -2*q. Let s(m) be the third derivative of 23*m**4/24 - 5*m**3/3 + 119*m**2. List the prime factors of s(q).
2, 41
Suppose -2 + 11 = 3*b. Suppose -b*s - m = -0*m - 81, -3*s + 93 = 5*m. Let z = s + 94. List the prime factors of z.
2, 3, 5
Suppose 11*o = 40106 + 25905. List the prime factors of o.
17, 353
Suppose 3*s + 2*d + 218 = 0, 4*s + 291 = -0*s - 3*d. Let i = s + 127. Suppose -3*v - 224 = -5*m, 2*m + v + i - 149 = 0. List the prime factors of m.
2, 23
Suppose -2*c + 3144 + 2552 = 2*o, -15 = 3*o. What are the prime factors of c?
3, 317
Suppose -2*y = 5*i - 15640, 4*y - 31308 = 7*i - 3*i. What are the prime factors of y?
5, 313
Let u(l) = 8*l**2 + 8*l + 4. Let f be u(-3). List the prime factors of (1027/f)/(75/36 + -2).
3, 79
Suppose i = -2*v + 18548, 6468*i + 74180 = 6472*i - 4*v. What are the prime factors of i?
2, 3, 11, 281
Let q = -27 + 32. Suppose -98 + 368 = -q*b. List the prime factors of (18/b)/(2/(-1362)).
227
Let p(f) = 9*f**2 + 36*f - 369. What are the prime factors of p(14)?
3, 211
Let o(t) = -t**2 - 13*t - 25. Let x be o(-10). Suppose g + 3*d = 2*d - x, -5*g - 2*d - 16 = 0. Let j = g - -12. What are the prime factors of j?
2, 5
Let w(r) = r - 7. Let v be w(7). Let j(p) = 3*p**2 + 17*p + 22. Let a be j(-4). What are the prime factors of (-2 - v)/a - 4*-34?
3, 5
Let l = -9867 - -15084. List the prime factors of l.
3, 37, 47
Let i = -53199 + 91246. What are the prime factors of i?
38047
Let h(w) = 11*w**2 - 3*w**2 + w + w + 1 + 10*w**2. Let x be h(2). Let m = x + -53. List the prime factors of m.
2, 3
What are the prime factors of (23/4)/(13/(-676)*-13)?
23
What are the prime factors of ((-10)/25 - 2/5) + 897579/905?
991
Let h be (-13 - -1) + (2 - 2). Let j(x) = 129*x**2 + 75*x**2 + 5*x - 203*x**2 + 12. What are the prime factors of j(h)?
2, 3
Suppose 4*l + b = 8547 + 16271, -6197 = -l - 4*b. What are the prime factors of l?
5, 17, 73
Suppose 7*i = -6 - 218. Let w(m) = 5*m - 2. Let g be w(2). Let p = g - i. What are the prime factors of p?
2, 5
Suppose -m - 4*z = 4*m - 32, 2*m + 2*z - 12 = 0. Let o(t) = -9*t + 119. List the prime factors of o(m).
47
Let k(r) = r**2 - 2*r - 1. Let c be k(-2). Let h be (4 - 5 - c)/1. Let g = -1 - h. List the prime factors of g.
7
Let k be 10/(-4)*424/((-60)/15). Let d = 828 - k. List the prime factors of d.
563
Let o = 227 + -238. Let b = 149 - o. What are the prime factors of b?
2, 5
Let c = -572 + 386. Suppose 6 = u + 109. Let w = u - c. List the prime factors